s the remainder when 2218 is divided by 37?
35
What is the remainder when 224 is divided by 58?
50
What is the remainder when 497 is divided by 175?
147
Calculate the remainder when 84 is divided by 59.
25
What is the remainder when 2987 is divided by 24?
11
What is the remainder when 29 is divided by 15?
14
What is the remainder when 267 is divided by 88?
3
Calculate the remainder when 42 is divided by 32.
10
What is the remainder when 1258 is divided by 9?
7
Calculate the remainder when 157 is divided by 23.
19
Calculate the remainder when 192 is divided by 14.
10
Calculate the remainder when 260 is divided by 9.
8
What is the remainder when 153 is divided by 32?
25
Calculate the remainder when 512 is divided by 9.
8
Calculate the remainder when 155 is divided by 38.
3
Calculate the remainder when 497 is divided by 64.
49
What is the remainder when 753 is divided by 109?
99
What is the remainder when 2484 is divided by 64?
52
Calculate the remainder when 1517 is divided by 22.
21
What is the remainder when 2237 is divided by 28?
25
What is the remainder when 168 is divided by 33?
3
Calculate the remainder when 230 is divided by 125.
105
What is the remainder when 1348 is divided by 16?
4
Calculate the remainder when 839 is divided by 115.
34
What is the remainder when 9452 is divided by 16?
12
Calculate the remainder when 579 is divided by 49.
40
What is the remainder when 790 is divided by 12?
10
What is the remainder when 236 is divided by 34?
32
What is the remainder when 260 is divided by 25?
10
Calculate the remainder when 82 is divided by 42.
40
Calculate the remainder when 1363 is divided by 35.
33
Calculate the remainder when 18512 is divided by 153.
152
Calculate the remainder when 825 is divided by 241.
102
What is the remainder when 5 is divided by 3?
2
Calculate the remainder when 5548 is divided by 30.
28
What is the remainder when 138 is divided by 18?
12
What is the remainder when 34 is divided by 4?
2
Calculate the remainder when 3361 is divided by 19.
17
What is the remainder when 387 is divided by 200?
187
Calculate the remainder when 124 is divided by 61.
2
Calculate the remainder when 1715 is divided by 145.
120
Calculate the remainder when 1039 is divided by 3.
1
What is the remainder when 58 is divided by 58?
0
What is the remainder when 9276 is divided by 91?
85
What is the remainder when 1160 is divided by 84?
68
What is the remainder when 937 is divided by 67?
66
What is the remainder when 1408 is divided by 40?
8
What is the remainder when 90 is divided by 26?
12
What is the remainder when 351 is divided by 7?
1
Calculate the remainder when 256 is divided by 44.
36
What is the remainder when 1549 is divided by 77?
9
What is the remainder when 435 is divided by 29?
0
What is the remainder when 182 is divided by 17?
12
Calculate the remainder when 1580 is divided by 14.
12
What is the remainder when 85 is divided by 48?
37
Calculate the remainder when 41 is divided by 2.
1
Calculate the remainder when 474 is divided by 120.
114
What is the remainder when 1148 is divided by 36?
32
What is the remainder when 1698 is divided by 81?
78
What is the remainder when 377 is divided by 4?
1
Calculate the remainder when 336 is divided by 26.
24
What is the remainder when 57 is divided by 22?
13
What is the remainder when 306 is divided by 88?
42
Calculate the remainder when 133 is divided by 29.
17
Calculate the remainder when 131 is divided by 12.
11
Calculate the remainder when 138 is divided by 36.
30
What is the remainder when 244 is divided by 31?
27
Calculate the remainder when 382 is divided by 7.
4
What is the remainder when 71 is divided by 22?
5
What is the remainder when 1106 is divided by 551?
4
What is the remainder when 296 is divided by 75?
71
Calculate the remainder when 58 is divided by 8.
2
Calculate the remainder when 90 is divided by 13.
12
Calculate the remainder when 113 is divided by 13.
9
Calculate the remainder when 75 is divided by 40.
35
What is the remainder when 122 is divided by 26?
18
Calculate the remainder when 341 is divided by 19.
18
Calculate the remainder when 2467 is divided by 38.
35
What is the remainder when 526 is divided by 108?
94
Calculate the remainder when 132 is divided by 45.
42
What is the remainder when 129 is divided by 14?
3
What is the remainder when 667 is divided by 52?
43
Calculate the remainder when 278 is divided by 94.
90
What is the remainder when 1477 is divided by 57?
52
What is the remainder when 203 is divided by 21?
14
What is the remainder when 791 is divided by 66?
65
What is the remainder when 958 is divided by 240?
238
What is the remainder when 1017 is divided by 73?
68
What is the remainder when 78 is divided by 21?
15
What is the remainder when 455 is divided by 59?
42
What is the remainder when 150 is divided by 39?
33
Calculate the remainder when 143 is divided by 42.
17
Calculate the remainder when 1183 is divided by 15.
13
What is the remainder when 97 is divided by 13?
6
What is the remainder when 66 is divided by 24?
18
What is the remainder when 2029 is divided by 14?
13
What is the remainder when 4480 is divided by 59?
55
Calculate the remainder when 25 is divided by 14.
11
What is the remainder when 50 is divided by 28?
22
Calculate the remainder when 1082 is divided by 26.
16
What is the remainder when 121 is divided by 37?
10
What is the remainder when 4132 is divided by 31?
9
What is the remainder when 106 is divided by 38?
30
Calculate the remainder when 524 is divided by 518.
6
What is the remainder when 183 is divided by 180?
3
What is the remainder when 986 is divided by 23?
20
What is the remainder when 404 is divided by 167?
70
Calculate the remainder when 522 is divided by 7.
4
Calculate the remainder when 405 is divided by 83.
73
What is the remainder when 233 is divided by 70?
23
What is the remainder when 5324 is divided by 55?
44
Calculate the remainder when 1047 is divided by 36.
3
What is the remainder when 1745 is divided by 13?
3
Calculate the remainder when 458 is divided by 10.
8
Calculate the remainder when 2104 is divided by 177.
157
What is the remainder when 1031 is divided by 84?
23
Calculate the remainder when 867 is divided by 8.
3
Calculate the remainder when 1820 is divided by 592.
44
Calculate the remainder when 59 is divided by 31.
28
What is the remainder when 1158 is divided by 27?
24
Calculate the remainder when 185 is divided by 75.
35
What is the remainder when 347 is divided by 35?
32
Calculate the remainder when 322 is divided by 236.
86
Calculate the remainder when 786 is divided by 162.
138
Calculate the remainder when 233 is divided by 121.
112
What is the remainder when 466 is divided by 29?
2
What is the remainder when 155 is divided by 28?
15
Calculate the remainder when 586 is divided by 149.
139
Calculate the remainder when 53 is divided by 4.
1
Calculate the remainder when 79 is divided by 65.
14
What is the remainder when 211 is divided by 54?
49
What is the remainder when 132 is divided by 60?
12
What is the remainder when 335 is divided by 31?
25
What is the remainder when 79 is divided by 21?
16
Calculate the remainder when 231 is divided by 71.
18
Calculate the remainder when 252 is divided by 43.
37
What is the remainder when 146 is divided by 55?
36
What is the remainder when 687 is divided by 71?
48
What is the remainder when 443 is divided by 4?
3
Calculate the remainder when 340 is divided by 2.
0
What is the remainder when 9519 is divided by 10?
9
What is the remainder when 178 is divided by 60?
58
Calculate the remainder when 40 is divided by 3.
1
Calculate the remainder when 1625 is divided by 277.
240
Calculate the remainder when 7065 is divided by 13.
6
What is the remainder when 120 is divided by 43?
34
What is the remainder when 136 is divided by 39?
19
What is the remainder when 163 is divided by 14?
9
What is the remainder when 196 is divided by 48?
4
Calculate the remainder when 17445 is divided by 12.
9
Calculate the remainder when 108 is divided by 32.
12
Calculate the remainder when 529 is divided by 76.
73
Calculate the remainder when 566 is divided by 14.
6
Calculate the remainder when 418 is divided by 85.
78
What is the remainder when 857 is divided by 13?
12
What is the